 77*q - 74*q. Let j(u) = -4*u**2 + 6*u + 1. Let i(l) = 11*l**2 - 17*l - 3. Let c(f) = 6*i(f) + 17*j(f). Give c(q).
-3
Let s(i) = -2*i**2 - 8*i + 5. Suppose 0 = y + 8 - 3. Let j be s(y). Let q(n) = 2*n - 7. Calculate q(j).
-17
Let n = -22 - -26. Let b(a) = 5 - 4*a - 3 + 0*a + 1. What is b(n)?
-13
Let t(p) = -146 + 72 - p**2 + 73 - 5*p. What is t(-4)?
3
Let f be (9877/42)/(-17) - (-2)/(-12). Let b(n) = -n**3 - 13*n**2 + 13*n + 1. Calculate b(f).
15
Suppose -2 = -4*x - 4*j + 10, -4*j + 2 = -x. Let o(d) = 7*d + 2*d**x - 6 + d - 3*d**2. Determine o(6).
6
Suppose r = -5*n + 1, 0 = -3*r - 1 + 4. Suppose n = -4*s + 79 - 95. Let v(y) = y**3 + 4*y**2 - 5*y - 3. Give v(s).
17
Let t(k) = -k - 16. Suppose -5 - 1 = w - 3*l, 3*w + 4*l - 8 = 0. Give t(w).
-16
Let p = 11 - 16. Suppose 0 = -15*h + 17*h. Let y(b) = h*b + b - 2*b. Determine y(p).
5
Suppose 4 = 3*k + 5*n + 95, -5*n = -3*k - 41. Let p = k - -24. Let m(a) = 3*a**2 - 3*a. Give m(p).
6
Let u(w) = -6*w. Let a be u(1). Let x(h) be the first derivative of h**2/2 + 4*h - 10. Let k(v) = -2*v - 8. Let b(n) = -6*k(n) - 11*x(n). Calculate b(a).
-2
Let r = 9 + -3. Let g be (-9)/r - 2/(-4). Let b(h) be the third derivative of h**5/60 - h**3/6 - 7*h**2 + h. Give b(g).
0
Let k = 204/11 + -353/22. Let n(q) be the first derivative of -6 + 1/3*q**3 - k*q**2 - 5*q. Give n(6).
1
Let t(q) = 2*q. Let d = -1143 - -1145. Calculate t(d).
4
Let b(g) = -g**2 - 15*g - 14. Let d be b(-13). Let n be (-1 - 4/d)*-21. Let u be n/12 - 3/9. Let w(h) = -5*h. Calculate w(u).
-10
Let u(d) be the third derivative of -1/15*d**5 + 0*d + 1/8*d**4 + 0*d**3 + 0 - d**2. Let r = -6 + 8. Give u(r).
-10
Let r(o) be the third derivative of -o**5/60 + 13*o**4/24 + 2*o**3 + 14*o**2. Let z be r(14). Let w(t) = 2*t**3 + 3*t**2 + 2*t + 2. Calculate w(z).
-6
Let i(o) = 102*o + 9. Let u(c) = 34*c + 3. Let y(m) = 4*i(m) - 11*u(m). Let x(v) = 12*v + 1. Let n(k) = 11*x(k) - 4*y(k). What is n(-3)?
11
Let w be (84/49)/(4/14). Let z(u) = u**2 - 4*u - 8. Determine z(w).
4
Let f(d) = -2*d**2 + 16*d - 6. Let m = -1004 - -1012. Give f(m).
-6
Let m(h) be the first derivative of h**2 - 10*h + 278. Let z be (7/2)/((-2)/(-4)). Give m(z).
4
Suppose 50*n - 33*n + 136 = 0. Let j(q) = q**3 + 8*q**2 + q + 13. Calculate j(n).
5
Suppose 6 = t - 2*t. Let h(o) = 7 + 172*o**3 + o**2 - 7*o**2 - 173*o**3. Calculate h(t).
7
Let g(t) = t + 2*t - 3*t + 10 - 2*t + 4. Give g(10).
-6
Let h(p) = -p**2 + 6*p. Let t(w) = 30*w + 1. Let r be t(4). Let n = r + -113. Determine h(n).
-16
Suppose 16*j - 13*j = 12. Let f(s) = 2*s - 6. Let p(q) be the first derivative of -q**2/2 + 5*q + 4. Let b(t) = -3*f(t) - 4*p(t). What is b(j)?
-10
Let r be (1 - -3)*3/6. Let w(m) = 27 - m**3 - 25 + 2*m**r - 2*m**2. Let x(k) = -2*k**2. Let n be x(-1). Give w(n).
10
Let d(h) be the first derivative of -h**5/12 - h**4/24 - 31*h**3/3 + 10. Let u(n) be the third derivative of d(n). Give u(-1).
9
Let w = -98 + 92. Let f(r) = r**3 + 4*r**2 - 8*r + 5. Give f(w).
-19
Let t(a) = -a**3 - 2*a**2 + 3*a - 3. Suppose 5*j + 14 = -1. Calculate t(j).
-3
Let w(f) be the second derivative of 5/3*f**3 - 5/2*f**2 + 18*f - 1/12*f**4 + 0. Give w(8).
11
Suppose 0 = -3*l - 4*y - 8 + 16, -5*l - y + 36 = 0. Let z(p) = 3 - 2 - 8*p**2 + 11 - 2*p + p**3. Determine z(l).
-4
Let s(b) = -2 - 1 - 5091*b**2 - 6*b + 5095*b**2 + b**3. Let k(u) = 2*u**3 + 4*u**2 + 3*u + 1. Let v be k(-2). Give s(v).
2
Let b(h) = h**3 + 3*h**2 - 18 + 2*h**2 - 11*h**2 + 11*h**2 + 2*h**2 - 10*h. Calculate b(-8).
-2
Let b be ((-2)/12 - (-10)/60) + 0. Let g(t) = t**3 + 7*t**2 + t + 5. Let w(p) = -p**2 - 1. Let r(l) = -g(l) - 6*w(l). Determine r(b).
1
Let q(l) be the third derivative of -l**4/24 - 2*l**3/3 + 15*l**2. Give q(-9).
5
Let z(b) = -b**3 - 6*b**2 - 9*b - 3. Let u be (-4)/((-20)/110 + (-52)/(-44)). Give z(u).
1
Let a(y) be the first derivative of -y**3/3 - y**2/2 + 4*y - 45. What is a(-3)?
-2
Suppose 2*j - x = -4*x - 30, 0 = -4*j - x - 80. Let u = j - -17. Let k(q) = -3 + 0*q + 3*q + 6. What is k(u)?
-9
Let v(z) = 2*z**3 - 28*z**2 + z - 13. Let u be v(14). Let q be (u - 2)/(((-3)/(-7))/3). Let t(n) = 2*n + 6. Calculate t(q).
-8
Let x(o) = 4*o**3 - 5*o**3 + 4*o + 2 + 0*o**3 - 4*o**2. Let m(a) = a**3 - 6*a**2 - 3*a + 8. Let c be m(7). Let z be 1 + 3 + c/(-4). Calculate x(z).
7
Let j(z) = 16*z - 121. Let b(w) = 17*w - 140. Let y(q) = 3*b(q) - 4*j(q). Calculate y(5).
-1
Let j(n) = -n**3 - 16*n**2 + 17*n + 1. Suppose 17 = -f + 5*h, -2*h = -f - 0*h - 17. Calculate j(f).
1
Let b be (15/(-12))/((-1)/4). Suppose 2*k - 31 = -b*g, k = 2*g + 2*g - 17. Let d(z) = 667 + 29*z - 28*z - 672. What is d(g)?
0
Let c(l) = -11*l - 13*l + 50*l - l - 4. Let v(w) = 4*w - 5. Let m(d) = 3*d - 6. Let n(z) = 4*m(z) - 5*v(z). Let x(a) = -2*c(a) - 7*n(a). Determine x(-1).
-5
Suppose 0 = -0*i + 4*i. Let d(m) = 4 + i*m**2 - 1 + 6*m**2 - m**3 - 5*m - 4. Let g = 12 - 7. Give d(g).
-1
Let b(t) = -t**3 - 5*t**2 + 8*t. Suppose -4*p + u - 36 + 11 = 0, 27 = -5*p - 3*u. Calculate b(p).
-12
Suppose 5 = v - 3. Let o be (1*2)/((-4)/v). Let d(w) = 2*w**2 - 8*w - 2. Let n(c) = 5*c**2 - 17*c - 4. Let y(f) = 7*d(f) - 3*n(f). Determine y(o).
2
Let y(q) = q**3 - 6*q**2 - 7*q - 1. Let d(s) = 3*s - 5. Let p be d(3). Let a be (56/2)/p + 0. What is y(a)?
-1
Let g(y) = 37*y + 272. Let j be g(-7). Let c(b) = b**2 - 12*b - 23. What is c(j)?
-10
Let n(k) = 2*k**2 - 9*k - 10. Suppose 5*y - 4*v - 52 = 0, -6*y + 34 = -y + 2*v. Calculate n(y).
46
Let x(v) = -v**3 - 4*v**2 + 13*v + 12. Let c be x(-6). Let o(j) = -2*j**2 + 14*j - 9. Let k be o(c). Let z(m) = -3*m + 3. Determine z(k).
-6
Let p = -19 + 23. Suppose u - 5*u = -z + 24, p*z = u + 6. Let m(s) = -s. Let n(h) = -8*h + 1. Let o(t) = 6*m(t) - n(t). Determine o(u).
-13
Let f(v) = -4*v + 14. Let o(n) = n**3 + 13*n**2 + 7*n - 53. Let k be o(-12). Determine f(k).
-14
Let j be (-7 - -2)*1 + 1. Let a(y) = y**2 - 4*y. What is a(j)?
32
Let x(t) = t - 10. Let o be (-2)/(-11) - 10/55. Let v = o + 7. Determine x(v).
-3
Let w = -28 - -9. Let x = w - -17. Let n be x/13 + (-196)/(-91). Let c(h) = h**2 + 3*h - 3. Determine c(n).
7
Let u be 2/5 + 115/25. Let h(s) = -s**2 + 7*s - 5. Let a(g) = 6 - 2 - 15*g + 7 + 2*g**2. Let m(f) = 2*a(f) + 5*h(f). Give m(u).
-3
Let u(a) be the second derivative of -a**7/2520 - a**6/120 + a**5/30 - 5*a**4/12 - 7*a. Let r(m) be the third derivative of u(m). Give r(-6).
4
Let x be 14/(-91) - (-342)/26. Let s(i) = -i**2 + 14*i - 8. Determine s(x).
5
Let q be 4/2 - (1 + 5 + -6). Let h(f) = 5*f**2 + 2*f + q*f - 7*f**2. Calculate h(3).
-6
Let d(k) = -k**3 + 11*k**2 - 8*k - 6. Suppose 0 = -4*x + 15*q - 12*q + 52, 0 = 5*q + 20. What is d(x)?
14
Let s(f) = -2*f**2 + 2*f + 1. Suppose -11*t + 9*t = -14. Suppose 17 - 3 = t*n. Calculate s(n).
-3
Suppose 4 = -5*k + 7*k. Let p(n) = -9*n - 17*n**2 - 23*n**2 + 39*n**k - 2. Give p(-6).
16
Let b(k) = -k**3 + 16*k**2 + 19*k - 32. Suppose -11*c = -74*c + 1071. What is b(c)?
2
Suppose 0 = -z + 6*z - 4*z. Let s(v) be the third derivative of -v**2 + 1/60*v**5 + 0*v - v**3 + 0 + 1/24*v**4. Give s(z).
-6
Let q(u) = 6*u**2 - 2*u + 1. Let n(y) = 6*y + 110. Let k be n(-18). Determine q(k).
21
Let w = 340 + -339. Let j(g) = 18*g + 2. What is j(w)?
20
Let m(j) = -j**2 - 3*j + 3. Let d = -16 - -46. Let i = -36 + d. Determine m(i).
-15
Let z(a) = -8*a + 16. Let w be z(7). Let h be (w/(-25))/(-4) - (-7)/5. Let d(s) = -6*s**2 + s - 1. Calculate d(h).
-6
Let v(q) = -q**3 - 9*q**2 - 15*q - 6. Let i = -63 - -56. Let a be v(i). Let z(h) = 6*h - 1. Give z(a).
5
Let j = 1172 - 1167. Let h(r) = 2*r - 5. What is h(j)?
5
Suppose 5*h - 5*p + 30 = 0, -h = 4*p + 31 - 0. Let n(g) = g**2 + 9*g + 9. What is n(h)?
31
Let d(c) = -c**3 - 3*c**2 - 3*c + 6. Let t(q) = 8*q**3 + 22*q**2 + 22*q - 41. Let l(b) = 15*d(b) + 2*t(b). Determine l(0).
8
Let f(w) = -4*w**3 + 4*w**2 + 2*w - 1. Let b be f(-1). Let s(c) = 6*c**2 - 7*c - 5. Let u(i) = 5*i**2 - 6*i - 4. Let p(x) = b*u(x) - 4*s(x). Determine p(2).
0
Let w = 479 + -467. Let c(u) = u**2 - 13*u + 5. What is c(w)?
-7
Let o(g) be the second derivative of -g**5/20 - g**4/6 + g**2/2 - 13*g + 3. Determine o(2).
-15
Let k(h) = 3*h + 6. Let f(t) = t + 17. Let q be f(-29). Determine k(q).
-30
Let a(o) = o**2 + 2*o + 3. Let c(r) = r**3 - 6*r**2 + 2*r - 7. Let l be c(4). Let k = -33 - l. Determine a(k).
3
Let w(u